 Suppose 0 = -4*c + 2*c + n. What is the tens digit of c?
1
Suppose -4*a + 2*u = -21 - 7, 0 = 4*a - 5*u - 28. Suppose 3*p + 4*z - 11 = 3*z, 3*z = p - a. Suppose o + p = 2*o. What is the units digit of o?
4
Suppose 4*x - 91 = 5*k, -4*x + 3*k + 37 = -48. What is the tens digit of x?
1
Let g = -9 + 12. Suppose g*p - 4*p = -6. What is the units digit of p?
6
Suppose -y + 8 = -5*y, -5*l + 2*y = -364. What is the tens digit of l?
7
Let h(b) = -21*b - 6. Let s(v) = 4*v + 1. Let o(r) = 2*h(r) + 11*s(r). What is the units digit of o(1)?
1
Suppose -w - 8 = w. What is the units digit of w/(5/((-340)/8))?
4
Suppose 6*r - 85 = 4*r - 5*z, -r = -z - 25. What is the units digit of r?
0
Suppose 0 = -5*s + 20, -4*s + 90 = 2*m - 116. What is the units digit of m?
5
Suppose 3*c + 5*h = 179, 0*c - 2*h = -2*c + 98. What is the units digit of c?
3
Suppose 197 = 6*z - 355. What is the tens digit of z?
9
Let d = 5 - 3. Suppose -27 + 1 = -d*q + m, 3*q - 38 = m. What is the units digit of q?
2
Let i be (68/2)/((-12)/(-6)). Let p = i - 3. What is the units digit of (2 - (-6)/(-4))*p?
7
Let x(t) = t**3 + 21*t**2 + 15*t - 4. What is the units digit of x(-20)?
6
Let c(i) = 10*i - 19. What is the tens digit of c(5)?
3
Suppose 3*q = -q + 80. What is the tens digit of q?
2
Let n = -3 + 5. Suppose -m = 3*j - 23, 0*m + 3*m - n*j - 36 = 0. What is the units digit of m?
4
Suppose 2*x = c - 378, -3*x - x = -c + 378. What is the units digit of c?
8
Suppose -4*c + 9 = -11. Suppose -q = c - 14. What is the units digit of q?
9
Suppose -2*u - 2*a + 145 + 143 = 0, 0 = -a + 4. What is the hundreds digit of u?
1
Let b = -9 - -25. What is the tens digit of b?
1
Let s be (8 + 1 - 0) + 2. Let j(a) = -a**3 + 12*a**2 - 11*a + 5. Let m be j(s). Suppose -4*g - g + m = -5*x, -5*x = g - 7. What is the units digit of g?
2
Let u(n) = 2*n - 3. Suppose 11 = 3*j - 1. What is the units digit of u(j)?
5
Let u = -88 - -146. What is the units digit of u?
8
Let x = 62 + -36. What is the units digit of x?
6
Suppose -2*q - 64 = -4*q. Suppose q + 40 = 3*p. What is the units digit of p?
4
Suppose -2*t = -256 - 212. What is the tens digit of t?
3
Suppose 3*b - 255 = -2*j, -b + 0*b - j + 84 = 0. What is the units digit of b?
7
Let n(s) = -3*s**3 - 9*s**2 + 6*s - 4. Let p(v) = -4*v**3 - 10*v**2 + 6*v - 5. Let r(y) = 5*n(y) - 4*p(y). Let c = 11 + -7. What is the units digit of r(c)?
8
Suppose 4*i = 2*r - 4, i + 24 = 2*r + 2*i. Let a(o) = o**3 - 9*o**2 - 11*o - 3. Let c be a(r). Let u = c + 26. What is the tens digit of u?
1
Let n = 4 + -5. Let y = n - -8. What is the units digit of y?
7
What is the hundreds digit of 3/12*-2 + (-2324)/(-8)?
2
Suppose 0 = -h - 3*h, -l = -5*h - 30. What is the units digit of l?
0
Suppose 16 = -2*k + 146. Suppose 5*z - 3*z - 5 = q, -5*q + 2*z = k. Let r = q - -21. What is the units digit of r?
6
Suppose -t + 10 = 15. Let m(b) = -2*b - 5. What is the units digit of m(t)?
5
Let a(l) = -2*l**3 + 11*l**2 + 9*l - 5. Let b(v) = -3*v**3 + 16*v**2 + 14*v - 8. Let i = 15 + -22. Let x(s) = i*a(s) + 5*b(s). What is the units digit of x(4)?
7
Suppose -1 + 4 = z. Suppose -m + z*u + 17 + 19 = 0, -4*u = 16. What is the tens digit of m?
2
What is the tens digit of 274 - 15/(-3) - 5?
7
Let u be (3 + -6)/(2 - 3). What is the tens digit of 231/9 - u/(-9)?
2
Suppose -4*n + 209 = -111. What is the tens digit of n?
8
Suppose -3*f + 180 = 2*f + 5*y, -4*y - 31 = -f. Suppose 17 + f = 2*p. Let m = p + -13. What is the tens digit of m?
1
Suppose -2*h + 23 + 7 = 0. Suppose -v - p = -h, -4*v - 4*p = -3*v - 18. What is the tens digit of v?
1
Suppose -2*m + 1 + 7 = 0. Suppose -2 = -l - c, 3*c + 19 = m*l + 4. Suppose -l*p - 6 = -30. What is the units digit of p?
8
Let h(p) = -p - 4. Let v be h(-4). Suppose -3*i - 7 = -2*u - 2*i, v = 2*i - 10. What is the units digit of u?
6
Suppose -3*r + 3 = -3, -2*r - 36 = -5*d. Suppose z + 4*u = -u + d, 5*z = u + 118. What is the tens digit of z?
2
Let v(y) = y**3 + 13*y**2 + 11*y - 7. Let p be v(-12). Suppose 56 = p*u - 59. What is the units digit of u?
3
Let d be (-1)/(-1)*19*1. Let o = d + -1. What is the units digit of o?
8
Suppose -2*t = 4*m - 12, m - 5*t = -0*t + 3. What is the units digit of m?
3
Let c = 218 + -15. What is the units digit of c?
3
Let l(c) = 10*c + 7. What is the tens digit of l(12)?
2
Let n(u) = 2*u**2 - 5*u - 4. Let z be n(4). Suppose -5*y + z = -y. Suppose k + y*r = 3*r + 8, 36 = 3*k + r. What is the units digit of k?
1
Suppose -z + 2*r + 0 = -14, -5*r = 4*z - 4. Let i(y) be the third derivative of -y**4/24 + 7*y**3/3 - y**2. What is the units digit of i(z)?
8
Let v(t) = t - 1. Let g(f) = 4*f**2 + 9*f - 2. Let o(p) = g(p) - 5*v(p). What is the units digit of o(-2)?
1
Suppose -q + 75 = -4*q. Let b be 16/5 + 5/q. Suppose -4*n - 5*r = -2, -b*r - 9 = n - 2*n. What is the units digit of n?
3
Suppose 4*u - 1 = -5. Let z be (-5)/u*(0 - -1). Let c = -4 + z. What is the units digit of c?
1
Let h be -1*(-3 - (-1 - 2)). Suppose h*l + 52 = 4*l. What is the units digit of l?
3
Let q be (11 + 1)*(4 - 3). Suppose 2*b = 3*h + 63, -b + 12 = -4*h - q. What is the units digit of b?
6
Let v(k) = k**3 + 9*k**2 + 2*k + 25. What is the tens digit of v(-8)?
7
Let p(o) = -o**2 - 12*o - 1. Let l be p(-9). What is the units digit of 836/l - 12/78?
2
Let l(w) = -9*w - 14. What is the units digit of l(-9)?
7
Suppose 2*q + 2*k = -0*k + 266, 686 = 5*q - 2*k. What is the tens digit of q?
3
Let c(r) = -r**2 + 2*r + 0 - 1 + 2. Let o be c(3). What is the units digit of (-1)/(2/(-2)) - o?
3
Let n = 67 + -23. Let t = 66 - n. What is the units digit of t?
2
What is the tens digit of 23/((-4)/(-4)) - 3?
2
Suppose -2*r + 165 = l, 2*l = -5*r + l + 420. What is the tens digit of r?
8
Let f = 35 + -11. What is the tens digit of f?
2
Suppose -3*r - 3*u + 279 = -0*u, -r - 3*u + 101 = 0. Let d = 125 - r. What is the units digit of d?
6
Let x = 27 - 21. What is the units digit of x?
6
Let o = 0 - -17. Suppose i - 57 = -i + 3*z, 0 = 4*i + z - 107. Let m = i - o. What is the tens digit of m?
1
Let w(g) = -g + 8. What is the units digit of w(5)?
3
Let l(a) = a**2 - 6*a - 5. Let j be l(7). Suppose -10 = -z - j. What is the units digit of z?
8
Suppose -125 = -a - 2*p, 0 = a + p - 44 - 79. What is the tens digit of a?
2
Suppose 4 = 3*r - 5. Suppose 5*f + 50 = 3*b, r*b - 4*f - 19 = 2*b. What is the tens digit of b?
1
Suppose -2*w - 3*z + 27 = 0, w = -2*w - 5*z + 43. What is the units digit of w?
6
Let d be -3*-10*(-1)/6. Let j(c) = -4*c + 4. What is the units digit of j(d)?
4
Let u be (-2 - 5*-1)/1. Suppose -3 = -i + 2*i + 3*n, 5*n + 13 = -u*i. What is the units digit of (i/4)/(12/(-16))?
2
Let i(l) = -9*l**2 + 2*l + 1. Let p(c) = -c**3 - 3*c**2 + 4*c - 1. Let s be p(-4). Let r be i(s). Let o = -6 - r. What is the units digit of o?
4
Let z = -6 + 28. Let p be 4/z - (-126)/33. What is the units digit of (2*-1 - -2) + p?
4
Let j be 6/(-15) - 2/(-5). Suppose -n + 4*u - 13 + 38 = j, 3*u + 12 = 0. Suppose 2*b - k = 4, b + k + 4*k = -n. What is the units digit of b?
1
Let c(l) = -l**3 + 6*l**2 - 3*l - 7. Suppose 4*j = j + 9. Suppose 2*g - g - 30 = -5*s, 4*g - 5 = j*s. What is the units digit of c(g)?
3
Let o(r) = 66*r + 3. Let i be o(-3). What is the tens digit of (-2)/(-4) - i/10?
2
Let p(d) = d**2 + 10*d + 1. Let w(g) = g**2 - 9*g - 10. Let i be w(9). Let f be p(i). What is the units digit of -1 - f - -4 - -3?
5
Let m = 3 - 0. Suppose m*r = 4*r - 4. What is the units digit of r?
4
Suppose 0 = k + 3*k. Suppose 2*l - 40 = -k*l + q, 0 = l + 5*q + 2. What is the units digit of l?
8
Let d(b) = -6*b + 2. Let y(j) = -j. Let h(c) = d(c) - 5*y(c). Let s be h(4). What is the units digit of 2*1 + 3 + s?
3
Let g = -26 + 17. What is the units digit of (-22)/3*g/6?
1
Suppose 2*h - 240 - 274 = 0. What is the tens digit of h?
5
Let j(z) be the second derivative of z**4/12 - z**3/6 - 5*z**2/2 - z. Suppose q - 2*q = -4. What is the units digit of j(q)?
7
Let d be ((-4)/8)/(1/(-8)). Suppose 0*r = -p + d*r + 17, -2*p + 60 = 5*r. What is the units digit of p?
5
Suppose -19 = 3*v + 8. Suppose -2*m - 2*m + 80 = 0. Let d = v + m. What is the units digit of d?
1
Let s = 115 - 109. What is the units digit of s?
6
Let i(b) = b**3 - 9*b**2 + 2. Let d be i(9). Let z(l) = 0 + d - l + 8. What is the units digit of z(7)?
3
Let u(r) = r**3 